{"id":179,"date":"2023-04-11T17:08:52","date_gmt":"2023-04-11T15:08:52","guid":{"rendered":"https:\/\/amblussemburgo.esteri.it\/italia-e-lussemburgo\/"},"modified":"2024-07-24T14:31:03","modified_gmt":"2024-07-24T12:31:03","slug":"italia-e-lussemburgo","status":"publish","type":"page","link":"https:\/\/amblussemburgo.esteri.it\/fr\/italia-e-lussemburgo\/","title":{"rendered":"Italie et Luxembourg"},"content":{"rendered":"<header class=\"entry-header\">\n<h1 class=\"entry-title h3\"><span style=\"font-size: 16px;\">Les relations entre l&rsquo;Italie et le Luxembourg, tous deux membres fondateurs de l&rsquo;Union europ\u00e9enne, se caract\u00e9risent par un engagement commun en faveur de la consolidation de l&rsquo;int\u00e9gration europ\u00e9enne.<\/span><\/h1>\n<\/header>\n<div class=\"entry-content\">\n<p align=\"JUSTIFY\">Le lien entre les deux pays est marqu\u00e9 par la pr\u00e9sence d&rsquo;une importante communaut\u00e9 italienne (environ 5% de la population r\u00e9sidente), qui, en plus d&rsquo;\u00eatre la plus nombreuse apr\u00e8s les Portugais et les Fran\u00e7ais, est la plus ancienne et la mieux int\u00e9gr\u00e9e dans le tissu politique. -\u00e9conomique-social du pays.<\/p>\n<\/div>\n","protected":false},"excerpt":{"rendered":"Les relations entre l&rsquo;Italie et le Luxembourg, tous deux membres fondateurs de l&rsquo;Union europ\u00e9enne, se caract\u00e9risent par un engagement commun en faveur de la consolidation de l&rsquo;int\u00e9gration europ\u00e9enne. Le lien entre les deux pays est marqu\u00e9 par la pr\u00e9sence d&rsquo;une importante communaut\u00e9 italienne (environ 5% de la population r\u00e9sidente), qui, en plus d&rsquo;\u00eatre la plus [&hellip;]","protected":false},"author":1,"featured_media":0,"parent":0,"menu_order":4,"comment_status":"closed","ping_status":"closed","template":"","meta":{"footnotes":""},"class_list":["post-179","page","type-page","status-publish","hentry"],"_links":{"self":[{"href":"https:\/\/amblussemburgo.esteri.it\/fr\/wp-json\/wp\/v2\/pages\/179","targetHints":{"allow":["GET"]}}],"collection":[{"href":"https:\/\/amblussemburgo.esteri.it\/fr\/wp-json\/wp\/v2\/pages"}],"about":[{"href":"https:\/\/amblussemburgo.esteri.it\/fr\/wp-json\/wp\/v2\/types\/page"}],"author":[{"embeddable":true,"href":"https:\/\/amblussemburgo.esteri.it\/fr\/wp-json\/wp\/v2\/users\/1"}],"replies":[{"embeddable":true,"href":"https:\/\/amblussemburgo.esteri.it\/fr\/wp-json\/wp\/v2\/comments?post=179"}],"version-history":[{"count":4,"href":"https:\/\/amblussemburgo.esteri.it\/fr\/wp-json\/wp\/v2\/pages\/179\/revisions"}],"predecessor-version":[{"id":2520,"href":"https:\/\/amblussemburgo.esteri.it\/fr\/wp-json\/wp\/v2\/pages\/179\/revisions\/2520"}],"wp:attachment":[{"href":"https:\/\/amblussemburgo.esteri.it\/fr\/wp-json\/wp\/v2\/media?parent=179"}],"curies":[{"name":"wp","href":"https:\/\/api.w.org\/{rel}","templated":true}]}}

<header class="entry-header">
<h1 class="entry-title h3"><span style="font-size: 16px;">Les relations entre l&rsquo;Italie et le Luxembourg, tous deux membres fondateurs de l&rsquo;Union européenne, se caractérisent par un engagement commun en faveur de la consolidation de l&rsquo;intégration européenne.</span></h1>
</header>
<div class="entry-content">
<p align="JUSTIFY">Le lien entre les deux pays est marqué par la présence d&rsquo;une importante communauté italienne (environ 5% de la population résidente), qui, en plus d&rsquo;être la plus nombreuse après les Portugais et les Français, est la plus ancienne et la mieux intégrée dans le tissu politique. -économique-social du pays.</p>
</div>

Les relations entre l&rsquo;Italie et le Luxembourg, tous deux membres fondateurs de l&rsquo;Union européenne, se caractérisent par un engagement commun en faveur de la consolidation de l&rsquo;intégration européenne. Le lien entre les deux pays est marqué par la présence d&rsquo;une importante communauté italienne (environ 5% de la population résidente), qui, en plus d&rsquo;être la plus [&hellip;]
