{"id":2405,"date":"2024-02-08T12:11:27","date_gmt":"2024-02-08T11:11:27","guid":{"rendered":"https:\/\/amblussemburgo.esteri.it\/?page_id=2405"},"modified":"2024-07-24T11:16:45","modified_gmt":"2024-07-24T09:16:45","slug":"important-a-partir-du-4-mars-2024-vous-devrez-egalement-prendre-rendez-vous-le-jeudi-pour-demander-la-carte-didentite-electronique","status":"publish","type":"page","link":"https:\/\/amblussemburgo.esteri.it\/fr\/servizi-consolari-e-visti\/servizi-per-il-cittadino-italiano\/passaporti-e-carte-didentita\/carte-didentite-electronique-cie\/important-a-partir-du-4-mars-2024-vous-devrez-egalement-prendre-rendez-vous-le-jeudi-pour-demander-la-carte-didentite-electronique\/","title":{"rendered":"IMPORTANT &#8211; \u00c0 partir du 4 mars 2024, vous devrez \u00e9galement prendre rendez-vous le jeudi pour demander la carte d&rsquo;identit\u00e9 \u00e9lectronique"},"content":{"rendered":"<header class=\"entry-header\">\n<h1 class=\"entry-title h3\"><span style=\"font-size: 16px;\">Le projet CIE sans rendez-vous restera actif uniquement jusqu&rsquo;\u00e0 fin f\u00e9vrier, les<\/span><\/h1>\n<\/header>\n<div class=\"entry-content\">\n<p><strong><span>jeudi 8, jeudi 15, jeudi 22 et jeudi 29 f\u00e9vrier 2024 (matin de 09h00 \u00e0 12h30 &#8211;<\/span><\/strong><br \/>\n<strong><span>apr\u00e8s-midi de 14h00 \u00e0 16h30 )<\/span><\/strong><span>\u00a0avec entr\u00e9e gratuite mais limit\u00e9e dans la limite de 22<\/span><br \/>\n<span>billets (\u00a0<\/span><strong><span>14 heures du matin, 20 heures l&rsquo;apr\u00e8s-midi<\/span><\/strong><span>\u00a0).<\/span><br \/>\n<span>Rappelons que la possibilit\u00e9 de demander le CIE sans rendez-vous (il est soulign\u00e9 que cette m\u00e9thode<\/span><br \/>\n<span>ne sera possible que jusqu&rsquo;\u00e0 fin f\u00e9vrier 2024) reste limit\u00e9e exclusivement aux cas suivants, et<\/span><br \/>\n<span>seulement si l&rsquo;utilisateur ne dispose pas d&rsquo;un autre document valable ( passeport ) :<\/span><br \/>\n<strong><span>\uf0b7 Carte d&rsquo;identit\u00e9 (papier ou \u00e9lectronique) d\u00e9j\u00e0 expir\u00e9e ;<\/span><\/strong><br \/>\n<strong><span>\uf0b7 Carte d&rsquo;identit\u00e9 expir\u00e9e (maximum 3 mois avant l&rsquo;expiration, soit au plus t\u00f4t 90<\/span><\/strong><br \/>\n<strong><span>jours) ;<\/span><\/strong><br \/>\n<strong><span>\uf0b7 Carte d&rsquo;identit\u00e9 perdue ou vol\u00e9e, sur pr\u00e9sentation d&rsquo;une copie du proc\u00e8s-verbal (*la fausse d\u00e9claration de<\/span><\/strong><br \/>\n<strong><span>perte de la carte d&rsquo;identit\u00e9 constitue le d\u00e9lit de mensonge id\u00e9ologique commis par le particulier, conform\u00e9ment<\/span><\/strong><br \/>\n<strong><span>\u00e0 l&rsquo;art. 483 du code p\u00e9nal (Cass. 33848\/ 18 );<\/span><\/strong><br \/>\n<strong><span>\uf0b7 Carte d&rsquo;identit\u00e9 gravement endommag\u00e9e<\/span><\/strong><br \/>\n<span>Dans tous les autres cas, l&rsquo;utilisateur doit obligatoirement prendre rendez-vous sur le<\/span><br \/>\n<span>portail Prenot@mi (\u00a0<\/span><a href=\"https:\/\/prenotami.esteri.it\/\"><span>https:\/\/prenotami.esteri.it\/<\/span><\/a><span>\u00a0) en fonction des cr\u00e9neaux disponibles les jours suivants : mardi. ,<\/span><br \/>\n<span>mercredi et vendredi.<\/span><br \/>\n<span>Les autres modes de demande de rendez-vous sont exclus, par exemple par email, t\u00e9l\u00e9phone ou au<\/span><br \/>\n<span>guichet.<\/span><br \/>\n<strong><span>NB :<\/span><\/strong><span>\u00a0Pour demander le CIE, le demandeur doit d\u00e9j\u00e0 \u00eatre inscrit \u00e0 l&rsquo;AIRE et se munir<\/span><br \/>\n<span>d&rsquo;une photo d&rsquo;identit\u00e9 r\u00e9cente (pas plus de six). mois) et la d\u00e9claration de n&rsquo;\u00eatre destinataire d&rsquo;aucune<\/span><br \/>\n<span>injonction de d\u00e9livrance de la carte d&rsquo;identit\u00e9.<\/span><br \/>\n<span>Si le demandeur est mineur, un formulaire de consentement imprim\u00e9 des deux parents est requis,<\/span><br \/>\n<span>ainsi qu&rsquo;une photocopie des pi\u00e8ces d&rsquo;identit\u00e9.<\/span><br \/>\n<span>Rappelons que le CIE n&rsquo;est pas un document d\u00e9livr\u00e9 \u00ab \u00e0 vue \u00bb par le bureau consulaire : lors de<\/span><br \/>\n<span>la prise d&#8217;empreintes digitales au guichet, l&rsquo;op\u00e9rateur ne pourra valider<\/span><br \/>\n<span>la demande et la mettre \u00ab en production \u00bb qu&rsquo;en pr\u00e9sence de tous. la documentation requise. Le CIE sera<\/span><br \/>\n<span>ensuite envoy\u00e9, depuis l&rsquo;Italie par courrier recommand\u00e9, directement \u00e0 l&rsquo;adresse \u00e9trang\u00e8re du demandeur,<\/span><br \/>\n<span>qui le recevra en moyenne au bout de 10 jours. En pr\u00e9sence de cartes d&rsquo;identit\u00e9 (\u00e9lectroniques ou<\/span><br \/>\n<span>papier) encore valables, celles-ci devront \u00eatre r\u00e9voqu\u00e9es (pour les \u00e9lectroniques) ou retir\u00e9es (pour les papiers)<\/span><br \/>\n<span>avant d&rsquo;en d\u00e9livrer une nouvelle (donc apr\u00e8s avoir effectu\u00e9 la proc\u00e9dure \u00e0 l&rsquo;Office).<\/span><br \/>\n<span>consulaire)<\/span><\/p>\n<\/div>\n","protected":false},"excerpt":{"rendered":"Le projet CIE sans rendez-vous restera actif uniquement jusqu&rsquo;\u00e0 fin f\u00e9vrier, les jeudi 8, jeudi 15, jeudi 22 et jeudi 29 f\u00e9vrier 2024 (matin de 09h00 \u00e0 12h30 &#8211; apr\u00e8s-midi de 14h00 \u00e0 16h30 )\u00a0avec entr\u00e9e gratuite mais limit\u00e9e dans la limite de 22 billets (\u00a014 heures du matin, 20 heures l&rsquo;apr\u00e8s-midi\u00a0). Rappelons que la [&hellip;]","protected":false},"author":8,"featured_media":0,"parent":2399,"menu_order":0,"comment_status":"closed","ping_status":"closed","template":"","meta":{"footnotes":""},"class_list":["post-2405","page","type-page","status-publish","hentry"],"_links":{"self":[{"href":"https:\/\/amblussemburgo.esteri.it\/fr\/wp-json\/wp\/v2\/pages\/2405","targetHints":{"allow":["GET"]}}],"collection":[{"href":"https:\/\/amblussemburgo.esteri.it\/fr\/wp-json\/wp\/v2\/pages"}],"about":[{"href":"https:\/\/amblussemburgo.esteri.it\/fr\/wp-json\/wp\/v2\/types\/page"}],"author":[{"embeddable":true,"href":"https:\/\/amblussemburgo.esteri.it\/fr\/wp-json\/wp\/v2\/users\/8"}],"replies":[{"embeddable":true,"href":"https:\/\/amblussemburgo.esteri.it\/fr\/wp-json\/wp\/v2\/comments?post=2405"}],"version-history":[{"count":1,"href":"https:\/\/amblussemburgo.esteri.it\/fr\/wp-json\/wp\/v2\/pages\/2405\/revisions"}],"predecessor-version":[{"id":2408,"href":"https:\/\/amblussemburgo.esteri.it\/fr\/wp-json\/wp\/v2\/pages\/2405\/revisions\/2408"}],"up":[{"embeddable":true,"href":"https:\/\/amblussemburgo.esteri.it\/fr\/wp-json\/wp\/v2\/pages\/2399"}],"wp:attachment":[{"href":"https:\/\/amblussemburgo.esteri.it\/fr\/wp-json\/wp\/v2\/media?parent=2405"}],"curies":[{"name":"wp","href":"https:\/\/api.w.org\/{rel}","templated":true}]}}

IMPORTANT &#8211; À partir du 4 mars 2024, vous devrez également prendre rendez-vous le jeudi pour demander la carte d&rsquo;identité électronique

<header class="entry-header">
<h1 class="entry-title h3"><span style="font-size: 16px;">Le projet CIE sans rendez-vous restera actif uniquement jusqu&rsquo;à fin février, les</span></h1>
</header>
<div class="entry-content">
<p><strong><span>jeudi 8, jeudi 15, jeudi 22 et jeudi 29 février 2024 (matin de 09h00 à 12h30 &#8211;</span></strong><br />
<strong><span>après-midi de 14h00 à 16h30 )</span></strong><span> avec entrée gratuite mais limitée dans la limite de 22</span><br />
<span>billets ( </span><strong><span>14 heures du matin, 20 heures l&rsquo;après-midi</span></strong><span> ).</span><br />
<span>Rappelons que la possibilité de demander le CIE sans rendez-vous (il est souligné que cette méthode</span><br />
<span>ne sera possible que jusqu&rsquo;à fin février 2024) reste limitée exclusivement aux cas suivants, et</span><br />
<span>seulement si l&rsquo;utilisateur ne dispose pas d&rsquo;un autre document valable ( passeport ) :</span><br />
<strong><span> Carte d&rsquo;identité (papier ou électronique) déjà expirée ;</span></strong><br />
<strong><span> Carte d&rsquo;identité expirée (maximum 3 mois avant l&rsquo;expiration, soit au plus tôt 90</span></strong><br />
<strong><span>jours) ;</span></strong><br />
<strong><span> Carte d&rsquo;identité perdue ou volée, sur présentation d&rsquo;une copie du procès-verbal (*la fausse déclaration de</span></strong><br />
<strong><span>perte de la carte d&rsquo;identité constitue le délit de mensonge idéologique commis par le particulier, conformément</span></strong><br />
<strong><span>à l&rsquo;art. 483 du code pénal (Cass. 33848/ 18 );</span></strong><br />
<strong><span> Carte d&rsquo;identité gravement endommagée</span></strong><br />
<span>Dans tous les autres cas, l&rsquo;utilisateur doit obligatoirement prendre rendez-vous sur le</span><br />
<span>portail Prenot@mi ( </span><a href="https://prenotami.esteri.it/"><span>https://prenotami.esteri.it/</span></a><span> ) en fonction des créneaux disponibles les jours suivants : mardi. ,</span><br />
<span>mercredi et vendredi.</span><br />
<span>Les autres modes de demande de rendez-vous sont exclus, par exemple par email, téléphone ou au</span><br />
<span>guichet.</span><br />
<strong><span>NB :</span></strong><span> Pour demander le CIE, le demandeur doit déjà être inscrit à l&rsquo;AIRE et se munir</span><br />
<span>d&rsquo;une photo d&rsquo;identité récente (pas plus de six). mois) et la déclaration de n&rsquo;être destinataire d&rsquo;aucune</span><br />
<span>injonction de délivrance de la carte d&rsquo;identité.</span><br />
<span>Si le demandeur est mineur, un formulaire de consentement imprimé des deux parents est requis,</span><br />
<span>ainsi qu&rsquo;une photocopie des pièces d&rsquo;identité.</span><br />
<span>Rappelons que le CIE n&rsquo;est pas un document délivré « à vue » par le bureau consulaire : lors de</span><br />
<span>la prise d&#8217;empreintes digitales au guichet, l&rsquo;opérateur ne pourra valider</span><br />
<span>la demande et la mettre « en production » qu&rsquo;en présence de tous. la documentation requise. Le CIE sera</span><br />
<span>ensuite envoyé, depuis l&rsquo;Italie par courrier recommandé, directement à l&rsquo;adresse étrangère du demandeur,</span><br />
<span>qui le recevra en moyenne au bout de 10 jours. En présence de cartes d&rsquo;identité (électroniques ou</span><br />
<span>papier) encore valables, celles-ci devront être révoquées (pour les électroniques) ou retirées (pour les papiers)</span><br />
<span>avant d&rsquo;en délivrer une nouvelle (donc après avoir effectué la procédure à l&rsquo;Office).</span><br />
<span>consulaire)</span></p>
</div>

Le projet CIE sans rendez-vous restera actif uniquement jusqu&rsquo;à fin février, les jeudi 8, jeudi 15, jeudi 22 et jeudi 29 février 2024 (matin de 09h00 à 12h30 &#8211; après-midi de 14h00 à 16h30 ) avec entrée gratuite mais limitée dans la limite de 22 billets ( 14 heures du matin, 20 heures l&rsquo;après-midi ). Rappelons que la [&hellip;]
