{"id":267,"date":"2023-09-28T12:54:03","date_gmt":"2023-09-28T10:54:03","guid":{"rendered":"https:\/\/amblussemburgo.esteri.it\/?page_id=267"},"modified":"2025-12-17T15:49:06","modified_gmt":"2025-12-17T14:49:06","slug":"iscrizione","status":"publish","type":"page","link":"https:\/\/amblussemburgo.esteri.it\/it\/servizi-consolari-e-visti\/servizi-per-il-cittadino-italiano\/aire\/iscrizione\/","title":{"rendered":"ISCRIZIONE"},"content":{"rendered":"<p><strong>A.I.R.E.<\/strong><\/p>\n<p><strong>Anagrafe degli Italiani Residenti all\u2019Estero<\/strong><\/p>\n<p><strong>ISCRIZIONE<\/strong><\/p>\n<p><a href=\"https:\/\/amblussemburgo.esteri.it\/it\/amministrazione-trasparente\/consulenti-e-collaboratori\/aire\/fast-it-il-portale-online-per-i-servizi-consolari\/\"><strong>Clicca qui<\/strong><\/a><\/p>\n<p><a href=\"https:\/\/amblussemburgo.esteri.it\/it\/amministrazione-trasparente\/consulenti-e-collaboratori\/aire\/istruzioni-per-il-corretto-inserimento-di-una-pratica-aire-sul-portale-fast-it\/\"><strong>Istruzioni per il corretto inserimento di una pratica AIRE sul portale FAST-IT.<\/strong><\/a><\/p>\n<p>N.B. L&#8217;iscrizione al di fuori del portale FAST-IT \u00e8 possibile solo in via residuale; in caso di comprovata impossibilit\u00e0 a procedere tramite l&#8217;apposito portale, si invita a contattare l&#8217;Ufficio AIRE (<span style=\"text-decoration: underline;\">aire.lux@esteri.it<\/span>)<\/p>\n<p><strong>*Per tutte le pratiche AIRE il certificato di residenza lussemburghese datato da non pi\u00f9 di 3 mesi.*<\/strong><\/p>\n<p><strong>La coppia con figli minori costituita da almeno un genitore extracomunitario, indipendentemente dallo stato civile, per utilizzare il portale FAST-IT dovr\u00e0 presentare la firma autenticata del genitore extracomunitario, altrimenti sar\u00e0 necessario presentarsi di persona all&#8217;Ufficio AIRE durante i normali orari di apertura al pubblico previo appuntamento.<\/strong><\/p>\n<p><strong>Questa Cancelleria Consolare si impegna a trattare le pratiche nel minor tempo possibile, tenendo comunque presente che il termine di legge per l\u2019iscrizione e la variazione di indirizzo \u00e8 fissato a 180 giorni dalla data di presentazione della domanda. L\u2019aggiornamento a seguire della banca dati del Ministero dell\u2019Interno pu\u00f2 richiedere periodi di tempo variabili.<\/strong><\/p>\n<p>I nostri uffici sono aperti al pubblico dal luned\u00ec al venerd\u00ec dalle 9.00 alle 12.30 e il gioved\u00ec anche dalle 14.00 alla 16.30.<\/p>\n<p>UFFICIO AIRE:<\/p>\n<p>Tel. 44 36 44 333<\/p>\n<p>E-mail :\u00a0<a href=\"mailto:aire.lux@esteri.it\">aire.lux@esteri.it<\/a><\/p>\n","protected":false},"excerpt":{"rendered":"A.I.R.E. Anagrafe degli Italiani Residenti all\u2019Estero ISCRIZIONE Clicca qui Istruzioni per il corretto inserimento di una pratica AIRE sul portale FAST-IT. N.B. L&#8217;iscrizione al di fuori del portale FAST-IT \u00e8 possibile solo in via residuale; in caso di comprovata impossibilit\u00e0 a procedere tramite l&#8217;apposito portale, si invita a contattare l&#8217;Ufficio AIRE (aire.lux@esteri.it) *Per tutte le [&hellip;]","protected":false},"author":8,"featured_media":0,"parent":263,"menu_order":0,"comment_status":"closed","ping_status":"closed","template":"","meta":{"footnotes":""},"class_list":["post-267","page","type-page","status-publish","hentry"],"_links":{"self":[{"href":"https:\/\/amblussemburgo.esteri.it\/it\/wp-json\/wp\/v2\/pages\/267","targetHints":{"allow":["GET"]}}],"collection":[{"href":"https:\/\/amblussemburgo.esteri.it\/it\/wp-json\/wp\/v2\/pages"}],"about":[{"href":"https:\/\/amblussemburgo.esteri.it\/it\/wp-json\/wp\/v2\/types\/page"}],"author":[{"embeddable":true,"href":"https:\/\/amblussemburgo.esteri.it\/it\/wp-json\/wp\/v2\/users\/8"}],"replies":[{"embeddable":true,"href":"https:\/\/amblussemburgo.esteri.it\/it\/wp-json\/wp\/v2\/comments?post=267"}],"version-history":[{"count":7,"href":"https:\/\/amblussemburgo.esteri.it\/it\/wp-json\/wp\/v2\/pages\/267\/revisions"}],"predecessor-version":[{"id":4158,"href":"https:\/\/amblussemburgo.esteri.it\/it\/wp-json\/wp\/v2\/pages\/267\/revisions\/4158"}],"up":[{"embeddable":true,"href":"https:\/\/amblussemburgo.esteri.it\/it\/wp-json\/wp\/v2\/pages\/263"}],"wp:attachment":[{"href":"https:\/\/amblussemburgo.esteri.it\/it\/wp-json\/wp\/v2\/media?parent=267"}],"curies":[{"name":"wp","href":"https:\/\/api.w.org\/{rel}","templated":true}]}}

<p><strong>A.I.R.E.</strong></p>
<p><strong>Anagrafe degli Italiani Residenti all’Estero</strong></p>
<p><strong>ISCRIZIONE</strong></p>
<p><a href="https://amblussemburgo.esteri.it/it/amministrazione-trasparente/consulenti-e-collaboratori/aire/fast-it-il-portale-online-per-i-servizi-consolari/"><strong>Clicca qui</strong></a></p>
<p><a href="https://amblussemburgo.esteri.it/it/amministrazione-trasparente/consulenti-e-collaboratori/aire/istruzioni-per-il-corretto-inserimento-di-una-pratica-aire-sul-portale-fast-it/"><strong>Istruzioni per il corretto inserimento di una pratica AIRE sul portale FAST-IT.</strong></a></p>
<p>N.B. L&#8217;iscrizione al di fuori del portale FAST-IT è possibile solo in via residuale; in caso di comprovata impossibilità a procedere tramite l&#8217;apposito portale, si invita a contattare l&#8217;Ufficio AIRE (<span style="text-decoration: underline;">aire.lux@esteri.it</span>)</p>
<p><strong>*Per tutte le pratiche AIRE il certificato di residenza lussemburghese datato da non più di 3 mesi.*</strong></p>
<p><strong>La coppia con figli minori costituita da almeno un genitore extracomunitario, indipendentemente dallo stato civile, per utilizzare il portale FAST-IT dovrà presentare la firma autenticata del genitore extracomunitario, altrimenti sarà necessario presentarsi di persona all&#8217;Ufficio AIRE durante i normali orari di apertura al pubblico previo appuntamento.</strong></p>
<p><strong>Questa Cancelleria Consolare si impegna a trattare le pratiche nel minor tempo possibile, tenendo comunque presente che il termine di legge per l’iscrizione e la variazione di indirizzo è fissato a 180 giorni dalla data di presentazione della domanda. L’aggiornamento a seguire della banca dati del Ministero dell’Interno può richiedere periodi di tempo variabili.</strong></p>
<p>I nostri uffici sono aperti al pubblico dal lunedì al venerdì dalle 9.00 alle 12.30 e il giovedì anche dalle 14.00 alla 16.30.</p>
<p>UFFICIO AIRE:</p>
<p>Tel. 44 36 44 333</p>
<p>E-mail : <a href="mailto:aire.lux@esteri.it">aire.lux@esteri.it</a></p>

A.I.R.E. Anagrafe degli Italiani Residenti all’Estero ISCRIZIONE Clicca qui Istruzioni per il corretto inserimento di una pratica AIRE sul portale FAST-IT. N.B. L&#8217;iscrizione al di fuori del portale FAST-IT è possibile solo in via residuale; in caso di comprovata impossibilità a procedere tramite l&#8217;apposito portale, si invita a contattare l&#8217;Ufficio AIRE (aire.lux@esteri.it) *Per tutte le [&hellip;]
