{"id":2775,"date":"2024-10-09T15:18:59","date_gmt":"2024-10-09T13:18:59","guid":{"rendered":"https:\/\/amblussemburgo.esteri.it\/?page_id=2775"},"modified":"2024-10-09T15:45:19","modified_gmt":"2024-10-09T13:45:19","slug":"donazioni","status":"publish","type":"page","link":"https:\/\/amblussemburgo.esteri.it\/it\/servizi-consolari-e-visti\/servizi-per-il-cittadino-italiano\/aire\/donazioni\/","title":{"rendered":"Donazioni"},"content":{"rendered":"<p>La\u00a0<strong>donazione<\/strong>, come definita, \u00e8 il \u201ccontratto col quale, per spirito di liberalit\u00e0, una parte arricchisce l\u2019altra, disponendo a favore di questa di un suo diritto o assumendo verso la stessa un\u2019obbligazione.\u201d. La donazione deve essere fatta per atto pubblico, sotto pena di nullit\u00e0, e non \u00e8 perfetta (dunque \u00e8 revocabile) fino a quando non viene accettata dal donatario, nello stesso atto o con separato atto pubblico, e l\u2019accettazione non viene notificata al donante.<strong>\u00a0\u00a0\u00a0<\/strong><\/p>\n<p><em>Principale normativa di riferimento: art. 769 del Codice civile<\/em><\/p>\n<div class=\"entry-content\">\n<p><strong>Contattare l\u2019ufficio per prenotare:<\/strong><\/p>\n<p>notarile.lux@esteri.it<\/p>\n<p>+352443644339<\/p>\n<\/div>\n<footer class=\"entry-footer\"><span class=\"edit-link\"><a class=\"post-edit-link\" href=\"https:\/\/amblussemburgo.esteri.it\/wp-admin\/post.php?post=2772&amp;action=edit&amp;lang=it\">Edit\u00a0<span class=\"screen-reader-text\">Procure generali e speciali<\/span><\/a><\/span><\/footer>\n","protected":false},"excerpt":{"rendered":"La\u00a0donazione, come definita, \u00e8 il \u201ccontratto col quale, per spirito di liberalit\u00e0, una parte arricchisce l\u2019altra, disponendo a favore di questa di un suo diritto o assumendo verso la stessa un\u2019obbligazione.\u201d. La donazione deve essere fatta per atto pubblico, sotto pena di nullit\u00e0, e non \u00e8 perfetta (dunque \u00e8 revocabile) fino a quando non viene [&hellip;]","protected":false},"author":8,"featured_media":0,"parent":263,"menu_order":0,"comment_status":"closed","ping_status":"closed","template":"","meta":{"footnotes":""},"class_list":["post-2775","page","type-page","status-publish","hentry"],"_links":{"self":[{"href":"https:\/\/amblussemburgo.esteri.it\/it\/wp-json\/wp\/v2\/pages\/2775","targetHints":{"allow":["GET"]}}],"collection":[{"href":"https:\/\/amblussemburgo.esteri.it\/it\/wp-json\/wp\/v2\/pages"}],"about":[{"href":"https:\/\/amblussemburgo.esteri.it\/it\/wp-json\/wp\/v2\/types\/page"}],"author":[{"embeddable":true,"href":"https:\/\/amblussemburgo.esteri.it\/it\/wp-json\/wp\/v2\/users\/8"}],"replies":[{"embeddable":true,"href":"https:\/\/amblussemburgo.esteri.it\/it\/wp-json\/wp\/v2\/comments?post=2775"}],"version-history":[{"count":1,"href":"https:\/\/amblussemburgo.esteri.it\/it\/wp-json\/wp\/v2\/pages\/2775\/revisions"}],"predecessor-version":[{"id":2778,"href":"https:\/\/amblussemburgo.esteri.it\/it\/wp-json\/wp\/v2\/pages\/2775\/revisions\/2778"}],"up":[{"embeddable":true,"href":"https:\/\/amblussemburgo.esteri.it\/it\/wp-json\/wp\/v2\/pages\/263"}],"wp:attachment":[{"href":"https:\/\/amblussemburgo.esteri.it\/it\/wp-json\/wp\/v2\/media?parent=2775"}],"curies":[{"name":"wp","href":"https:\/\/api.w.org\/{rel}","templated":true}]}}

<p>La <strong>donazione</strong>, come definita, è il “contratto col quale, per spirito di liberalità, una parte arricchisce l’altra, disponendo a favore di questa di un suo diritto o assumendo verso la stessa un’obbligazione.”. La donazione deve essere fatta per atto pubblico, sotto pena di nullità, e non è perfetta (dunque è revocabile) fino a quando non viene accettata dal donatario, nello stesso atto o con separato atto pubblico, e l’accettazione non viene notificata al donante.<strong>   </strong></p>
<p><em>Principale normativa di riferimento: art. 769 del Codice civile</em></p>
<div class="entry-content">
<p><strong>Contattare l’ufficio per prenotare:</strong></p>
<p>notarile.lux@esteri.it</p>
<p>+352443644339</p>
</div>
<footer class="entry-footer"><span class="edit-link"><a class="post-edit-link" href="https://amblussemburgo.esteri.it/wp-admin/post.php?post=2772&amp;action=edit&amp;lang=it">Edit <span class="screen-reader-text">Procure generali e speciali</span></a></span></footer>

La donazione, come definita, è il “contratto col quale, per spirito di liberalità, una parte arricchisce l’altra, disponendo a favore di questa di un suo diritto o assumendo verso la stessa un’obbligazione.”. La donazione deve essere fatta per atto pubblico, sotto pena di nullità, e non è perfetta (dunque è revocabile) fino a quando non viene [&hellip;]
