{"id":381,"date":"2023-09-29T11:56:01","date_gmt":"2023-09-29T09:56:01","guid":{"rendered":"https:\/\/amblussemburgo.esteri.it\/?page_id=381"},"modified":"2023-09-29T12:38:25","modified_gmt":"2023-09-29T10:38:25","slug":"381-2","status":"publish","type":"page","link":"https:\/\/amblussemburgo.esteri.it\/it\/servizi-consolari-e-visti\/servizi-per-il-cittadino-italiano\/servizi-notarili\/notarile-e-sociale\/381-2\/","title":{"rendered":"VIAGGI DI MINORI DI 14 ANNI"},"content":{"rendered":"<div class=\"sr-only\">Nel caso di viaggi all&#8217;estero di minori italiani di et\u00e0 inferiore agli anni quattordici non accompagnati da uno dei due genitori (o da chi ne fa le veci), \u00e8 necessario richiedere una menzione sul passaporto italiano o una dichiarazione di accompagnamento.<\/div>\n<div>\n<p>I genitori o gli esercenti la potest\u00e0 tutoria dovranno presentare una dichiarazione all\u2019Autorit\u00e0 competente al rilascio del passaporto, che \u00e8 di norma quella nella cui circoscrizione risiede il richiedente (Questura o Consolato), nella quale indicano il nome della\/e persona\/e o dell&#8217;ente cui il minore \u00e8 affidato, chiedendo che la menzione venga apposta sul passaporto del minore o in un\u2019attestazione separata.<\/p>\n<p>Alla dichiarazione <a href=\"https:\/\/amblussemburgo.esteri.it\/wp-content\/uploads\/2023\/09\/modello-DICHIARAZIONE-ACCOMPAGNAMENTO.doc\">(<strong>MODULO<\/strong>)<\/a> vanno allegati i seguenti documenti:<br \/>\n&#8211; copia del documento d&#8217;identit\u00e0 che il minore utilizzer\u00e0 per il viaggio;<br \/>\n&#8211; copia dei documenti d&#8217;identit\u00e0 dei genitori (o esercenti potest\u00e0 tutoria);<br \/>\n&#8211; copia dei documenti d&#8217;identit\u00e0 degli accompagnatori;<br \/>\n&#8211; prenotazione o biglietto di viaggio (con indicazione dell&#8217;itinerario).<\/p>\n<p>L\u2019ufficio ricevente richiede, nel superiore interesse del minore, la presenza fisica degli esercenti la potest\u00e0 genitoriale.<\/p>\n<p>La dichiarazione \u00e8 gratuita.<\/p>\n<p>La dichiarazione \u00e8 di norma valida per un solo viaggio (da intendersi come andata e\/o ritorno) fuori dal Paese di residenza del minore infra-quattordicenne, con destinazione determinata. Il termine massimo di validit\u00e0 della dichiarazione (entro cui devono essere ricomprese la data di partenza e di rientro) \u00e8 di 6 mesi. La validit\u00e0 non pu\u00f2 comunque superare la data di scadenza del passaporti del minore.<\/p>\n<p>Nel caso di viaggi che prevedono l&#8217;attraversamento di diversi Stati, spetta agli esercenti la responsabilit\u00e0 genitoriale o tutoria valutare &#8211; sulla base delle modalit\u00e0 del viaggio stesso &#8211; se indicare solo il Paese di destinazione finale o tutti i singoli Paesi visitati.<\/p>\n<\/div>\n","protected":false},"excerpt":{"rendered":"Nel caso di viaggi all&#8217;estero di minori italiani di et\u00e0 inferiore agli anni quattordici non accompagnati da uno dei due genitori (o da chi ne fa le veci), \u00e8 necessario richiedere una menzione sul passaporto italiano o una dichiarazione di accompagnamento. I genitori o gli esercenti la potest\u00e0 tutoria dovranno presentare una dichiarazione all\u2019Autorit\u00e0 competente [&hellip;]","protected":false},"author":8,"featured_media":0,"parent":332,"menu_order":0,"comment_status":"closed","ping_status":"closed","template":"","meta":{"footnotes":""},"class_list":["post-381","page","type-page","status-publish","hentry"],"_links":{"self":[{"href":"https:\/\/amblussemburgo.esteri.it\/it\/wp-json\/wp\/v2\/pages\/381","targetHints":{"allow":["GET"]}}],"collection":[{"href":"https:\/\/amblussemburgo.esteri.it\/it\/wp-json\/wp\/v2\/pages"}],"about":[{"href":"https:\/\/amblussemburgo.esteri.it\/it\/wp-json\/wp\/v2\/types\/page"}],"author":[{"embeddable":true,"href":"https:\/\/amblussemburgo.esteri.it\/it\/wp-json\/wp\/v2\/users\/8"}],"replies":[{"embeddable":true,"href":"https:\/\/amblussemburgo.esteri.it\/it\/wp-json\/wp\/v2\/comments?post=381"}],"version-history":[{"count":2,"href":"https:\/\/amblussemburgo.esteri.it\/it\/wp-json\/wp\/v2\/pages\/381\/revisions"}],"predecessor-version":[{"id":394,"href":"https:\/\/amblussemburgo.esteri.it\/it\/wp-json\/wp\/v2\/pages\/381\/revisions\/394"}],"up":[{"embeddable":true,"href":"https:\/\/amblussemburgo.esteri.it\/it\/wp-json\/wp\/v2\/pages\/332"}],"wp:attachment":[{"href":"https:\/\/amblussemburgo.esteri.it\/it\/wp-json\/wp\/v2\/media?parent=381"}],"curies":[{"name":"wp","href":"https:\/\/api.w.org\/{rel}","templated":true}]}}

<div class="sr-only">Nel caso di viaggi all&#8217;estero di minori italiani di età inferiore agli anni quattordici non accompagnati da uno dei due genitori (o da chi ne fa le veci), è necessario richiedere una menzione sul passaporto italiano o una dichiarazione di accompagnamento.</div>
<div>
<p>I genitori o gli esercenti la potestà tutoria dovranno presentare una dichiarazione all’Autorità competente al rilascio del passaporto, che è di norma quella nella cui circoscrizione risiede il richiedente (Questura o Consolato), nella quale indicano il nome della/e persona/e o dell&#8217;ente cui il minore è affidato, chiedendo che la menzione venga apposta sul passaporto del minore o in un’attestazione separata.</p>
<p>Alla dichiarazione <a href="https://amblussemburgo.esteri.it/wp-content/uploads/2023/09/modello-DICHIARAZIONE-ACCOMPAGNAMENTO.doc">(<strong>MODULO</strong>)</a> vanno allegati i seguenti documenti:<br />
&#8211; copia del documento d&#8217;identità che il minore utilizzerà per il viaggio;<br />
&#8211; copia dei documenti d&#8217;identità dei genitori (o esercenti potestà tutoria);<br />
&#8211; copia dei documenti d&#8217;identità degli accompagnatori;<br />
&#8211; prenotazione o biglietto di viaggio (con indicazione dell&#8217;itinerario).</p>
<p>L’ufficio ricevente richiede, nel superiore interesse del minore, la presenza fisica degli esercenti la potestà genitoriale.</p>
<p>La dichiarazione è gratuita.</p>
<p>La dichiarazione è di norma valida per un solo viaggio (da intendersi come andata e/o ritorno) fuori dal Paese di residenza del minore infra-quattordicenne, con destinazione determinata. Il termine massimo di validità della dichiarazione (entro cui devono essere ricomprese la data di partenza e di rientro) è di 6 mesi. La validità non può comunque superare la data di scadenza del passaporti del minore.</p>
<p>Nel caso di viaggi che prevedono l&#8217;attraversamento di diversi Stati, spetta agli esercenti la responsabilità genitoriale o tutoria valutare &#8211; sulla base delle modalità del viaggio stesso &#8211; se indicare solo il Paese di destinazione finale o tutti i singoli Paesi visitati.</p>
</div>

Nel caso di viaggi all&#8217;estero di minori italiani di età inferiore agli anni quattordici non accompagnati da uno dei due genitori (o da chi ne fa le veci), è necessario richiedere una menzione sul passaporto italiano o una dichiarazione di accompagnamento. I genitori o gli esercenti la potestà tutoria dovranno presentare una dichiarazione all’Autorità competente [&hellip;]
